3) a prime number?
False
Is (20/(-28))/((-3)/214053) a composite number?
True
Suppose -1 = -2*c - 5*g - 11, c = -4*g - 11. Let k(d) = d - 3. Let n be k(c). Suppose -x - n*m = -14, -7*x = -2*x - m - 48. Is x a composite number?
True
Suppose 0 = 13*y - 20*y - 3535. Let h = 912 + y. Is h a composite number?
True
Let j(n) = -40*n - 7. Let b be j(7). Suppose 5*m + 0*v + 956 = -2*v, -395 = 2*m + 5*v. Let t = m - b. Is t composite?
False
Let l(w) be the second derivative of -17*w**5/20 - w**4/6 - w**3/2 + 5*w. Let d be l(-2). Suppose -2*b + 2*p + d = 0, 0*b + p + 201 = 3*b. Is b prime?
True
Suppose -3*h = -2*q + 1014, -5 - 15 = -5*h. Suppose 0 = -156*n + 165*n - 18. Suppose -n*w = -725 - q. Is w a prime number?
True
Let n be ((-3)/(-6))/(3/(-174)). Let v = 84 + n. Is v composite?
True
Let h = 191 + 107. Is h prime?
False
Let m(t) = 164*t + 35. Is m(4) composite?
False
Let w = -97 - -177. Suppose 5*i - 979 = -2*v, -396 = -0*i - 2*i - 3*v. Let k = i - w. Is k prime?
False
Suppose 5*g + 22 = -2*j, 4*j + 32 = -g - 3*g. Let x = -1 + j. Is (2023/4)/x*-4 prime?
False
Let k(p) = -12*p + 7. Let v = -10 - -1. Let r be 10/15*1*v. Is k(r) a prime number?
True
Suppose 5*t - 59 = -2*w, -5*w = -5*t - 96 - 69. Suppose -5*m + 2*d - d - 40 = 0, 4*m - 5*d = -w. Let z = 2 - m. Is z prime?
False
Let c be 1*-18*1/2. Let a = c + 11. Is 47/(7/a + -3) composite?
True
Let c(w) = 14*w - 3. Let x(g) = g**2 - 5*g - 3. Let t be x(6). Suppose -t*h - 8 = -5*m, 5*h + m - 40 = -4*m. Is c(h) composite?
False
Let k be (3/(-15) - (-12)/15)*5. Suppose 0 = 3*v - k - 3, -2095 = -3*o + 4*v. Is o a composite number?
False
Let r(t) = -3*t**3 - 23*t**2 + 10*t - 43. Let k(c) = 8*c**3 + 70*c**2 - 31*c + 128. Let a(m) = 4*k(m) + 11*r(m). Is a(19) a composite number?
True
Suppose 0 = 2*k + 3*k + b - 426, 0 = k + 4*b - 70. Let m = k + 205. Is m a prime number?
False
Let h(l) = 368*l**3 + 20*l - 74. Is h(4) composite?
True
Is (-15 + 3)/(-6) - -5319 a prime number?
False
Let p = -9403 + 15734. Is p a composite number?
True
Let g(q) = 3*q - 11. Let w be g(0). Let b(o) = o**3 + 16*o**2 + 14*o. Is b(w) a prime number?
False
Is 0 + -2 + 6 + 3042 + 3 a composite number?
False
Let w(b) = -b**2 - b - 1. Suppose 4*g = 9 - 17. Let h be w(g). Is 6 + h - 5 - -79 a composite number?
True
Let t be 0*3/(4 + -1). Let v(l) = -2*l + 2. Let a be v(t). Suppose 0 = a*r + 3*r - 2405. Is r a prime number?
False
Let y(q) = q**3 - 16*q**2 + 14*q - 6. Let f be (121/7 + 34/(-119))/1. Is y(f) a prime number?
True
Is (931/(-2) + 1)/((-13)/26) composite?
False
Let l(f) = -11*f**3 - 10*f**2 - 7*f - 9. Is l(-8) composite?
False
Let f(o) = 6*o**2 + 8*o + 11. Let q(s) = -s**2 - 5*s - 1. Let v be q(-4). Suppose 4*p = 2*p - v*k - 13, 34 = -4*p + 2*k. Is f(p) a prime number?
True
Let f be 3*(-1)/(-3) + -3. Let y be 14/3 - f/6. Suppose -12 = -y*i + 383. Is i a prime number?
True
Is 1709/(48/(-360)*3/(-2)) prime?
False
Let d(i) = -i**2 - 10*i + 3. Let q be d(-7). Let x = q + -31. Is (x + 2)*(-38)/10 a prime number?
True
Let f(h) = -10*h + 2. Let m be f(1). Let n(z) = z + 8. Let u be n(m). Suppose 5*j - 5*c + 170 - 425 = u, 3*c = 4*j - 206. Is j composite?
False
Suppose 3*h = 8*h - 25. Let r be (-2440)/(-10)*(h + -1). Let y = r - 603. Is y a prime number?
True
Let r(c) = -6*c**2 - c. Let a be r(-1). Is -2*1049*a/10 a prime number?
True
Let a = 53 - -3. Let s = 115 + a. Let x = s - 88. Is x a composite number?
False
Let c(q) be the third derivative of -q**6/120 - q**5/10 + 5*q**3/6 + 3*q**2. Let o be c(-6). Suppose 0 = 4*z + 16, o*h + 2*z = -z + 3373. Is h prime?
True
Let b be (0 + 0)/(-3 + 5). Suppose -7*a + 2307 + 1340 = b. Is a a prime number?
True
Let m = -2842 - -22359. Is m composite?
True
Let j(b) = -b**3 - 11*b**2 + 9*b + 13. Let o(u) = -u**2 - 9*u - 2. Let x be o(-10). Is j(x) a prime number?
False
Suppose 727 = -8*x + 4895. Is x prime?
True
Suppose -36*y + 231380 = -373168. Is y composite?
True
Let i = 6878 - 4107. Is i a composite number?
True
Let j(d) = d**3 + 5*d**2 - 8*d - 5. Let n be j(-6). Suppose 0 = -n*w + 2*w + 1535. Is w a prime number?
True
Suppose g - 4*g + 27 = 0. Let s = g - 6. Suppose q = -4, -2*i + 98 = s*q - q. Is i composite?
False
Let z(j) = -592*j - 1069. Is z(-39) a prime number?
False
Let z be (2/(-3))/(2/(-36)). Suppose -2*d - d - z = 0. Is (-146)/d - 1/(-2) a prime number?
True
Suppose 4*c - 15233 = 51. Is c a prime number?
True
Suppose -205*d + 203*d = -758. Is d composite?
False
Suppose -3*s + 2*x = -31105, -5*s + 41477 = -s + x. Is s prime?
True
Let c(r) = -r**3 + 11*r**2 - 4*r + 1. Let m(b) = b. Let i(v) = 2*v. Let t be i(4). Let k be m(t). Is c(k) prime?
False
Let u be (-36)/8*(-7944)/9. Let w = u + -2317. Is w a prime number?
False
Let w = -12 + 24. Is 1/w*4 - 1670/(-3) prime?
True
Let c(z) = -5*z + 0*z + z**2 + 8 - 2*z + 2*z. Let h be c(5). Let j = h + 134. Is j composite?
True
Let j = -2047 - -5613. Is j prime?
False
Let l = -58 - -65. Suppose 0 = -l*u + 11*u - 796. Is u a composite number?
False
Let j = 131 + -1236. Let c be j/(-68) - 1/4. Suppose -13*g + c*g - 1095 = 0. Is g composite?
True
Suppose 5*a - 3362 = 3*a. Let n = -872 + a. Is n composite?
False
Suppose -p - 313 = -4*g + 21, 0 = 5*p + 5*g + 1720. Let t = -139 - p. Is t a prime number?
False
Let t = 11 + -7. Suppose 3*b + 6 = 0, t*i - b - 3536 = -3*b. Suppose -4*c + i = c. Is c a prime number?
False
Suppose -1212 = -3*v + 891. Is v composite?
False
Let f be (-51225)/30 + (5/(-2) - -2). Let y = f - -2859. Is y prime?
True
Let g(v) = -7*v**3 - 2*v**2 - 10*v + 47. Is g(-10) a prime number?
True
Let b = -6807 + 26096. Is b composite?
False
Let c = 14 - 14. Suppose c = 2*r + 3*r - 5090. Is r composite?
True
Let b(p) = -13*p**2 - p. Let w be b(-1). Let g = w + 5. Let i(x) = 3*x**2 + x + 1. Is i(g) composite?
True
Let p(s) = 886*s**2 - 11*s + 65. Is p(6) composite?
True
Let a(v) = 44*v**2 - 5*v - 2. Let d = 11 - 11. Suppose 2*u - 2 - 4 = d. Is a(u) composite?
False
Let q = 39866 + 40397. Is q a prime number?
True
Suppose 0 = -11*f + 13*f - 1334. Is f a prime number?
False
Let x be -7 + 9/3 + 1. Let c be 0/(4 + x - -1). Suppose 5*b + c*u = 3*u + 115, 2*b + 3*u - 46 = 0. Is b a composite number?
False
Suppose 2*a + 16883 - 56313 = 0. Is a prime?
False
Let l be (-1)/((1 - 3)/(5 + -1)). Suppose -2*y - l*y = -6620. Is y prime?
False
Let d = 433 - 268. Suppose -t - 2 = -5, -3*t + 29 = 4*r. Suppose 2*p = r*p - d. Is p a prime number?
False
Let g = 322 + -88. Suppose q = g + 235. Is q a composite number?
True
Let z(p) = -p**2 - 9*p - 8. Let g be z(-8). Suppose g = 3*m + 6, -3*x = -4*x - m - 3. Let n(b) = 1049*b**2 + b + 1. Is n(x) prime?
True
Suppose -18 = -s + 3*f, -2*s + 3*f + 24 = s. Suppose 0*y + 10 = -2*y, s*m + 5*y = -19. Suppose -m*u = 2*c - 724 - 162, -c - 2*u = -447. Is c a prime number?
True
Suppose j + 21183 = 2*v, -3041 - 7553 = -v + j. Is v composite?
False
Let i(c) = 9*c + 8. Let y be i(-6). Let s = -6 - -8. Is y/(-1) + 1 + s a composite number?
True
Suppose -4*g - 3*o + 11 = g, 4*g - 12 = -4*o. Suppose 2*w - 7 = -g. Suppose -w*h = -353 - 82. Is h a composite number?
True
Let x be 3 - ((-1 - -5) + -1). Suppose x = 5*a - q - 1, q = 4*q + 3. Suppose -4*p + 283 = 3*k, p - 3*k - 52 = -a*p. Is p a composite number?
False
Let n(r) = 34*r**3 + 2*r - 1. Let y be n(-2). Let h = 434 + y. Is h composite?
False
Suppose -78348 = -71*d + 59*d. Is d composite?
False
Let s = -380 - -738. Suppose 0 = y - 2*q - s, -4*y + 1814 = y + 2*q. Is y a composite number?
True
Suppose -2*t - 4*v + 144790 = 0, -2*v + 206085 + 11112 = 3*t. Is t composite?
True
Suppose -70*k + 105290 = -60*k. Is k a composite number?
False
Suppose -4*o + 5588 = 4*r, o = r + 207 - 1608. Is r prime?
True
Suppose -v + 35 = -d + 4*d, 25 = 5*d - 5*v. Suppose 0 = -d*o - o + 27841. Is o composite?
False
Let l(p) = -p**2 + 6*p - 5. Let w be l(4). Suppose 1143 = 12*u - w*u. Is u a prime number?
True
Suppose 2*b = 6*b - 4, b = -4*h + 63629. Is h a prime number?
True
Let n = 8599 + -5600. Is n composite?
False
Let g(a) = -7*a**3 + 2*a**2 + 2*a + 1. Let t be g(-1). Suppose -t*u + 318 = -6*u. Is u a composite number?
True
Suppose 2*m = 4408 + 7338. Is m a composite number?
True
Suppose 0 = -w + 5, -2*j = -j - 5*w - 2218. Is j prime?
True
Suppose 805 + 5955 = -4*n + c, c = 0. Is (-1 - n)*(-1)/(-